y 23.
15
Let l(y) = -509*y**2 + 1579*y + 18. Calculate the remainder when l(3) is divided by (-2)/(-3) - 875/(-15).
56
Let j be (4 - (-7 - -12))*16. Let l = j + 37. What is the remainder when 188 is divided by l?
20
Let v(f) = -184*f + 4106. Calculate the remainder when 400 is divided by v(22).
52
Suppose 229 = 6*u - 629. Let k = u - 168. Let d(h) = h**2 + 26*h + 59. Calculate the remainder when d(k) is divided by 13.
8
Suppose 0 = 2*x - 5*x + 9. Let j = -188 + 193. Suppose -5*f = -2*g - 38, 0 = -5*f + j*g - 7*g + 42. What is the remainder when f is divided by x?
2
Let f = 7879 - 7836. What is the remainder when 176 is divided by f?
4
Let i = -47 + 85. Let y = i - 25. Suppose -10*b = -y*b + 21. What is the remainder when 31 is divided by b?
3
Let g = 265 + -140. Let a = -84 + g. Calculate the remainder when a is divided by 32.
9
Let f(r) = 10 - 4 + 17 + 3*r. Let c be f(-6). Calculate the remainder when 28 is divided by c/(-75)*-5 + 17/3.
4
Suppose -4*w - 2*u + 1564 = -4*u, 0 = -3*w - 5*u + 1147. Let r = -90 - -168. What is the remainder when w is divided by r?
77
Let y = -2988 + 2990. Calculate the remainder when 10 is divided by y.
0
Suppose -19*u + 3288 = -4*u - 7*u. What is the remainder when u is divided by 179?
53
What is the remainder when 6239 is divided by 18 + -5 + -18 - -70?
64
Suppose -12*f = -1456 - 1200 - 2852. Calculate the remainder when f is divided by 18.
9
Let b = -248 + 250. Suppose b*a = -14*a + 272. Let x = -5 - -8. What is the remainder when a is divided by x?
2
Let d be -6 - (-24)/(-16)*-6. Let c(a) = a**3 - 2*a**2 - 2*a. What is the remainder when 79 is divided by c(d)?
1
Suppose -4*v + 5*l + 57 = 0, -3*v + 14 + 32 = -7*l. What is the remainder when 14491 is divided by v?
9
Let s = 14214 - 14179. What is the remainder when 309 is divided by s?
29
Let g(w) = 12*w - 104. Let k(f) = 4*f**2 + 17*f + 29. Let j be k(-3). Calculate the remainder when g(j) is divided by 22.
20
Suppose -11*s = 7*s - 72. Suppose -o - 4*o - 5*t = -270, s*o = 5*t + 207. What is the remainder when 264 is divided by o?
52
Let r = 36718 - 34896. What is the remainder when r is divided by 165?
7
Let y = 19 - -115. Suppose -4*p - 10 = -y. Suppose -p*u - 32 = -35*u. What is the remainder when 28 is divided by u?
4
Suppose -75*t - 236 = -2*s - 73*t, 4*s - 437 = -3*t. Calculate the remainder when 436 is divided by s.
97
Let b be (-99)/(-6) - 1 - 8/16. Suppose 2194 = b*l + 169. What is the remainder when l is divided by 37?
24
Let r = 5 + -2. Suppose 0 = -2*h - 8, b + 76 - 263 = -h. Let l = b - 153. Calculate the remainder when l is divided by r.
2
Suppose 88*x - 10 = 86*x. Suppose v - 780 = -4*m, 5*v + 403 = x*m - 597. What is the remainder when m is divided by 18?
16
Let t(z) = 71*z**2 + 418*z + 5. Calculate the remainder when t(-6) is divided by 16.
5
Suppose 2*a + a - 267 = 0. Let i(x) = 4*x**2 - x - 14. Let d be i(-7). Suppose -5*m = 29 - d. Calculate the remainder when a is divided by m.
25
Let u = 180 + -191. What is the remainder when 51 is divided by (u/(-3))/(1*(-9)/(-27))?
7
Let y = 5401 - 4731. What is the remainder when y is divided by 164?
14
Suppose 0*w + 6*w + 162 = 0. Let a = w + 66. What is the remainder when 80 is divided by 6/a + 1095/65?
12
Suppose -5*s - 3*k = -255, -4*k - 119 = -5*s + 171. Let p = -480 + 452. What is the remainder when s is divided by 40/(p/(-18) - 132/(-297))?
14
Let q = -5844 + 5875. Calculate the remainder when q is divided by 0*1/2 - -18.
13
Let h = 2278 - 2206. Calculate the remainder when h is divided by 67.
5
Suppose 5*n + 77 = x, 5*x - 42*n + 45*n = 273. What is the remainder when 155 is divided by x?
41
Let p = 9405 + -6861. What is the remainder when p is divided by 9?
6
Suppose 0 = 54*u - 580849 + 172393. What is the remainder when u is divided by 97?
95
Suppose 156 = 4*c - 2*v + 6*v, -5*c + 174 = 2*v. Let r be -16*1 + 1 + 0. Let m = c + r. What is the remainder when 49 is divided by m?
15
Let h be 9/(-45) + 4/(40/342). Suppose -2*i + h = -4*t + 208, -4*i = 12. Let k(j) = -j**2 - 11*j - 8. Calculate the remainder when t is divided by k(-6).
20
Suppose 0 = 27*i + 161 - 2807. Let y = i - 87. Calculate the remainder when 205 is divided by y.
7
Suppose -17*m = -6*m + 594. Let k = 133 + m. Calculate the remainder when k is divided by ((-24)/(-9))/(1/15).
39
Let z(g) = 26*g**2 - 55 - 16*g + 3*g**3 + 9*g**2 - 2*g**3 + 13*g. What is the remainder when 147 is divided by z(-35)?
47
Let t = 102 + -73. Let p(m) = 64*m**2 + m + 1. Let q be p(2). Let u = 343 - q. Calculate the remainder when u is divided by t.
26
Let y(z) = 15*z**3 - 2*z**2 + 5*z - 4. Let t = -353 + 603. What is the remainder when t is divided by y(1)?
12
Let l be (-3)/1 + -5 + 6 - -5. Suppose 5*y - 4*d = -l*d + 162, 15 = 5*d. Calculate the remainder when y is divided by 174/15 - 2/(-5).
9
Let p = 347 + -345. Calculate the remainder when (-1144)/24*-13 + p/(-3) is divided by 20.
19
Suppose 442 = -4*v - 13*v. Calculate the remainder when 359 is divided by (-126)/12*v/3.
86
Let f(x) = -9*x**3 + 3*x**2 - 12*x - 6. Let w be f(-4). Suppose -2*s = -w + 192. What is the remainder when s is divided by 60?
57
Suppose -2*y = 4*w - 122, -4*y + 0*w = 2*w - 274. Suppose 17*p - y = 48. Calculate the remainder when p is divided by 7.
0
Suppose -8*p + 163 - 83 = 0. Suppose -304 = -3*i - 67. Suppose -3*v = -5*w - i, -4*v - 135 = -9*v + 5*w. Calculate the remainder when v is divided by p.
8
Let w(a) = -2*a**2 + 116*a + 617. Calculate the remainder when 1059 is divided by w(59).
61
Let a(f) = -f**3 - f**2 + 3*f + 1. Let b be ((-14)/35)/((-4)/10). Let k be 2/(-2)*b - 2 - 1. What is the remainder when a(k) is divided by 20?
17
Let f be (-6)/(-4)*(-1 + 569/3). Let b = -198 + f. Suppose 3*n - 87 = q, 0 = 5*n + 5*q - 142 - 3. What is the remainder when b is divided by n?
27
Calculate the remainder when 540 is divided by 1/1*(-238 + 267).
18
What is the remainder when (-3)/((-30)/(-4))*-310 is divided by 45?
34
Let p = 737 - 721. Suppose -12*s + 20 = -p. What is the remainder when 8 is divided by s?
2
Let b(d) = d**3 - 31*d**2 + 7*d - 34. Let m be b(31). Let i = -158 + m. Calculate the remainder when 0/1 + 2*62 is divided by i.
24
Let p be 1*(4 + -24)/(-4) - -9. Suppose -27*v = -p*v - 2197. What is the remainder when v is divided by 25?
19
Let d(m) = 3*m + 7. Let s = -67 + 70. Suppose 0 = -5*w + 43 - s. What is the remainder when d(5) is divided by w?
6
Calculate the remainder when 11124 is divided by 5 + (-2337)/451 + 1962/22.
88
Suppose -4*y - 4*q + 32240 = 0, -8054 = -y - 2326*q + 2323*q. Calculate the remainder when y is divided by 12.
11
Let x(o) = 3*o - 17*o + 779 - 780. Suppose -4*d - 177 = -6*d + 5*u, u = 1. Calculate the remainder when d is divided by x(-2).
10
Let x = -737 + 792. Let n(m) be the first derivative of m**4/4 + 3*m**3 - 6*m**2 - 6*m + 3. Calculate the remainder when x is divided by n(-10).
13
What is the remainder when (5 - 19 - 6) + 161 is divided by 60?
21
Suppose 44*m - 8170 - 6834 = 0. What is the remainder when m is divided by 175?
166
Suppose -4*q - 3*n = -268, -2*q + 6*n = -275 + 111. Calculate the remainder when 240 is divided by q.
30
Suppose -50*c = -54*c - 3*b + 110, -3*c + 4*b + 70 = 0. What is the remainder when 1759 is divided by c?
17
Let y be (-26)/((-5)/(-100)*-4). Suppose 6*c - 8 - y = 0. Calculate the remainder when 135 is divided by c.
20
Let u = -32 + 51. Calculate the remainder when (-8)/(128/(-976)) - 11 is divided by u.
12
Let n(g) = 14*g**2 + 53*g - 54. Let p be n(1). Suppose 15 + p = 2*a. Calculate the remainder when 473 is divided by a.
11
Let a = -2689 - -2695. Suppose -h - 10 = 2*k, 3*k = h - 0*k + 20. What is the remainder when 40/a + (h/(-6) - 2) is divided by 2?
1
Suppose 8*v - 705 = 11*v. Let p = -127 - v. Suppose -o + 120 = 4*o + 2*d, 4*d = -4*o + p. What is the remainder when 65 is divided by o?
21
Let u(m) = 18*m**2 - 81*m - 358. What is the remainder when 260 is divided by u(-4)?
6
Let i = -10273 + 10682. Calculate the remainder when 2471 is divided by i.
17
Suppose 21*z - 32084 = -5*z. What is the remainder when z is divided by 13?
12
Let k be -1 + 163/7 + 24/(-84). Suppose -k*s - 28 = -204. What is the remainder when 37 is divided by s?
5
Let q = 171 - 90. Suppose -19*z - 14*z + 2508 = 0. Let a = q - z. Calculate